etermine i(-2).
-1311
Let l(g) = -230*g - 11668. Calculate l(-52).
292
Let s(l) = -397*l + 73572. Determine s(186).
-270
Let s(n) = -737*n**3 - n**2 - 88*n + 89. Calculate s(1).
-737
Let y(l) = -l**3 - 4*l**2 + 36*l + 71. Determine y(-11).
522
Let f(w) = w**3 - 3239*w**2 - 5967*w - 1669109. Determine f(3241).
6
Let y(i) = -200*i**3 + i**2 - 18*i + 36. Give y(2).
-1596
Let k(g) = 279*g - 9119. Determine k(33).
88
Let h(k) = 22428*k - 224373. Determine h(10).
-93
Let u(a) = -a**2 + 1137*a - 20176. Give u(18).
-34
Let q(j) = -577*j - 18096. Calculate q(-34).
1522
Let v(d) = 174*d - 3806. What is v(21)?
-152
Let y(u) = -301*u + 1688. Give y(2).
1086
Let f(j) = -2*j**3 + 215*j**2 - 731*j + 316. Calculate f(104).
4
Let x(m) = -m**3 - 184*m**2 + 1775*m - 331. What is x(9)?
11
Let o(n) = 9301*n + 511545. What is o(-55)?
-10
Let b(m) = 5*m**3 + 96*m**2 + 425*m + 14. Give b(-7).
28
Let f(c) = c**3 - 31*c**2 + 28*c - 466. Give f(32).
1454
Let r(z) = -132*z + 5107. Calculate r(43).
-569
Let k(f) = -f**3 + 32*f**2 + 135*f + 167. What is k(36)?
-157
Let z(i) = 113*i - 1493. What is z(14)?
89
Let c(j) = 6*j**3 - j**2 + 3421*j + 10336. Calculate c(-3).
-98
Let b(q) = 54*q**2 + 10185*q + 59168. What is b(-6)?
2
Let t(j) = -2*j**2 - 411*j - 20648. Give t(-119).
-61
Let p(h) = h**3 + 20*h**2 - 78*h + 125. Calculate p(-23).
332
Let d(f) = 16*f**2 + 96*f - 310. Give d(3).
122
Let c(q) = -114186*q + 9363253. What is c(82)?
1
Let l(d) = -4081*d - 16397. Determine l(-4).
-73
Let u(b) = -b**2 - 902*b + 22989. Determine u(25).
-186
Let u(o) = 18*o**2 - 1053*o + 5238. What is u(53)?
-9
Let o(p) = 45313*p - 1767205. Calculate o(39).
2
Let g(y) = -y**3 + y**2 + 7*y - 7. Determine g(4).
-27
Let t(f) = 174*f**2 + 258*f + 220. Determine t(-2).
400
Let o(u) = u**3 + 9*u**2 - 3035*u - 30250. Determine o(-10).
0
Let o(c) = -c**2 + 430*c - 864. Give o(2).
-8
Let v(a) = -107481*a + 430069. What is v(4)?
145
Let z(p) = 2*p**3 + 112*p**2 + 404*p - 681. Determine z(-52).
-57
Let k(d) = -d**3 - 14*d**2 + 64*d + 137. Give k(-17).
-84
Let b(v) = -384727*v - 83485753. Determine b(-217).
6
Let q(r) = 23*r**2 - 1807*r + 2769. Give q(77).
-3
Let f(g) = -2*g**3 - 25*g**2 - 12598*g - 125489. Calculate f(-10).
-9
Let y(w) = -605*w + 57499. Calculate y(95).
24
Let t(n) = 43057*n + 43064. Calculate t(-1).
7
Let l(h) = -1201*h**2 - 114*h + 120. What is l(1)?
-1195
Let n(m) = m**3 + 23*m**2 + 76*m + 8. Calculate n(-18).
260
Let w(d) = 355379*d - 16347440. What is w(46)?
-6
Let z(u) = -12*u**2 + 59*u - 543. What is z(17)?
-3008
Let w(k) = 8574*k - 360140. Determine w(42).
-32
Let n(q) = 16232*q - 1168752. Determine n(72).
-48
Let v(m) = 2804*m - 165453. What is v(59)?
-17
Let b(w) = -70*w + 2360. Give b(20).
960
Let c(j) = 2946*j - 285761. What is c(97)?
1
Let l(y) = 9*y**3 + 65*y**2 - 195*y + 31. What is l(3)?
274
Let h(u) = -147*u**2 + 809*u - 809. What is h(1)?
-147
Let d(y) = -48*y**2 + 5300*y + 13948. Calculate d(113).
-64
Let x(i) = 58878*i + 9302738. Determine x(-158).
14
Let p(u) = 89*u + 2386. What is p(-29)?
-195
Let y(s) = s**3 - 15*s**2 - 875*s + 10968. Calculate y(12).
36
Let b(z) = -z**3 - 342*z**2 + 42*z + 14340. What is b(-342)?
-24
Let z(m) = -m**3 - 60*m**2 + 8894*m - 912. Determine z(-129).
-9
Let z(i) = -905*i + 7093. Give z(8).
-147
Let k(j) = j**2 + 2900377*j - 11601522. What is k(4)?
2
Let g(v) = 13*v**2 + 572*v + 814. Determine g(-42).
-278
Let d(k) = k**2 - 306*k + 4914. What is d(289)?
1
Let l(q) = 1214*q + 72839. Give l(-60).
-1
Let q(x) = -4*x**2 + 109*x - 753. What is q(15)?
-18
Let m(r) = -2*r**2 - 5973*r + 53889. Give m(9).
-30
Let f(c) = 2093*c + 39818. What is f(-19)?
51
Let w(n) = -34*n**2 - 8435*n - 770. What is w(-248)?
-26
Let q(j) = j**3 - 199*j**2 - 4975*j + 3006. Give q(-23).
-7
Let q(m) = -m**3 + 7*m**2 + 359*m - 1114. What is q(3)?
-1
Let t(y) = -y**3 - 422*y**2 - 1707*y - 14407. What is t(-418)?
223
Let t(c) = -61853*c - 2659643. Calculate t(-43).
36
Let l(h) = 4*h**3 + 185*h**2 + 228*h + 116. Calculate l(-45).
-19
Let c(i) = -6627*i - 46244. What is c(-7)?
145
Let m(f) = 29283*f - 556389. Calculate m(19).
-12
Let r(n) = 8*n - 658. What is r(28)?
-434
Let b(p) = -30511*p - 518683. Determine b(-17).
4
Let f(x) = 2*x**2 + 31491*x + 848755. Calculate f(-27).
-44
Let c(g) = 5831*g - 524790. Determine c(90).
0
Let y(d) = -13176*d + 65909. Calculate y(5).
29
Let b(p) = -p**3 - 107*p**2 - 2786*p + 263. Give b(-62).
15
Let c(o) = o**2 - 236296*o - 3072044. Calculate c(-13).
-27
Let z(i) = -10*i**2 + 1282*i + 5775. Give z(133).
-609
Let y(s) = 9125*s - 36409. Determine y(4).
91
Let f(s) = 6574*s + 1183303. Give f(-180).
-17
Let u(g) = g**2 - 42*g - 769. What is u(57)?
86
Let d(n) = -51*n**3 + 765*n**2 + 5*n - 72. What is d(15)?
3
Let k(m) = 2*m**2 + 132*m + 1605. Calculate k(-47).
-181
Let g(b) = 5936*b + 1368. What is g(0)?
1368
Let k(j) = 5*j**3 + 88*j**2 - 245*j - 78. Calculate k(-20).
22
Let y(g) = -20*g**2 - 174*g - 149. Determine y(-8).
-37
Let y(p) = -2*p**2 + 2789*p - 379915. What is y(153)?
-16
Let q(n) = n**2 + 92*n - 14768. What is q(-176)?
16
Let h(b) = 891*b**2 - 705*b - 194. Determine h(1).
-8
Let n(x) = -x**3 - 47*x**2 - 559*x - 254. Give n(-22).
-56
Let u(f) = f**2 + 13604*f + 108707. Calculate u(-8).
-61
Let r(y) = -42*y**2 - 8*y + 177. What is r(2)?
-7
Let d(v) = v**3 - 207*v**2 + 4697*v - 527. What is d(181)?
-2156
Let x(q) = -6*q**2 - 24439*q + 171358. Calculate x(7).
-9
Let k(a) = 1551*a - 226423. Calculate k(146).
23
Let b(n) = 2*n**3 + 179*n**2 + 252*n - 729. Calculate b(-88).
327
Let b(h) = 40680*h - 5003623. Give b(123).
17
Let h(o) = 405*o**2 + 3605*o - 374. Give h(-9).
-14
Let w(i) = -i**2 - 6374*i - 44574. Calculate w(-7).
-5
Let w(r) = -5208*r + 20751. Calculate w(4).
-81
Let y(t) = -798*t + 4746. Calculate y(6).
-42
Let m(k) = -k**3 - 49*k**2 - 298*k - 17338. Calculate m(-50).
62
Let q(p) = 545615*p + 32. Give q(0).
32
Let y(s) = -s**2 + 597*s + 9127. Calculate y(-15).
-53
Let j(v) = -5*v**3 - 14*v**2 + 142*v + 15. Determine j(5).
-250
Let g(n) = n**3 - 570*n**2 - 28978*n + 993. Give g(-47).
6
Let u(s) = 9*s**2 + 171*s - 2136. Calculate u(11).
834
Let d(z) = z**3 + 76*z**2 + 30*z - 3235. Determine d(-75).
140
Let x(f) = f**3 - 272*f**2 + 594*f - 87537. What is x(271)?
-4
Let l(i) = 11*i**2 - 20*i + 75. Give l(9).
786
Let h(y) = 42716*y + 512586. Give h(-12).
-6
Let z(u) = 2*u**2 + 195*u - 3410. What is z(-104)?
-2058
Let j(t) = 391*t + 10591. Calculate j(-27).
34
Let g(b) = -3236*b - 113255. Calculate g(-35).
5
Let n(m) = -4*m**2 + 81268*m + 2604668. What is n(-32)?
-4
Let o(g) = -1882*g**2 - 10778*g + 12. What is o(-6)?
-3072
Let z(q) = -q**2 - 383445*q + 1917246. Determine z(5).
-4
Let q(m) = -2130*m**2 + 208722*m + 1771. Calculate q(98).
7
Let a(z) = -z**3 + 24*z**2 - 11*z - 15. Calculate a(26).
-1653
Let t(y) = y**3 + 6*y**2 - 88*y + 184. Determine t(11).
1273
Let g(m) = 3599269*m - 10797804. Calculate g(3).
3
Let u(k) = 2*k**3 + 926*k**2 - 13362*k - 2861. What is u(-477)?
1
Let x(s) = 6*s**3 + 52*s**2 - 39*s - 214. Calculate x(-10).
-624
Let c(r) = -6*r**2 + 133*r - 2079. Calculate c(16).
-1487
Let d(l) = 123*l**2 + 315*l + 142. Determine d(-2).
4
Let a(d) = 44*d**2 + 8852*d + 1592. Calculate a(-201).
-16
Let b(y) = 352*y - 2569. What is b(11)?
1303
Let s(n) = -732*n + 154753. Determine s(211).
301
Let u(d) = -d**3 - 13*d**2 - 14*d + 97. What is u(-14)?
489
Let a(t) = -6*t**3 - 186*t**2 - 356*t - 328. What is a(-29)?
-96
Let v(j) = 2*j**3 - 91*j**2 - 68*j + 266. What is v(46)?
-746
Let d(t) = -615*t - 1925. What is d(-3)?
-80
Let t(d) = 7*d**2 + 36527*d - 182822. Give t(5).
-12
Let b(o) = o**2 + 196655*o - 1573284. Calculate b(8).
20
Let u(k) = -130*k**2 - 525*k + 1. What is u(-1)?
396
Let u(g) = 4427*g + 3275976. Give u(-740).
-4
Let m(u) = -3*u**2 + 245*u - 2963. Determine m(71).
-691
Let j(m) = -23475*m - 19953759. What is j(-850)?
-9
Let w(j) = 138728*j - 2774556. What is w(20)?
4
Let f(j) = 73944*j - 961277. What is f(13)?
-5
Let g(c) = -164*c**2 - 3943*c - 105. Give g(-24).
63
Let n(g) = 151*g**2 - 2608*g + 719. Calculate n(17).
22
Let d(v) = -4*v**3 + 28*v**2 + 208*v + 19. Give d(-4).
-109
Let c(a) = 110*a - 3048. Determine c(27).
-78
Let z(x) = 368203*x + 8836882. Calculate z(-24).
10
Let m(z) = -1197*z**2 - 67027*z 